of 1235206?
2, 7, 83, 1063
What are the prime factors of 351065?
5, 11, 13, 491
List the prime factors of 578043.
3, 79, 271
What are the prime factors of 383601?
3, 127867
What are the prime factors of 137129?
241, 569
What are the prime factors of 8969652?
2, 3, 41, 59, 103
What are the prime factors of 211532?
2, 52883
What are the prime factors of 8888598?
2, 3, 493811
What are the prime factors of 7635350?
2, 5, 79, 1933
List the prime factors of 11646118.
2, 11, 487, 1087
List the prime factors of 8344479.
3, 11, 13, 53, 367
List the prime factors of 2535024.
2, 3, 52813
What are the prime factors of 768183?
3, 13, 19697
List the prime factors of 243211.
107, 2273
List the prime factors of 145854.
2, 3, 37, 73
List the prime factors of 2653889.
7, 41, 1321
List the prime factors of 571735.
5, 29, 3943
List the prime factors of 3273155.
5, 197, 3323
List the prime factors of 469122.
2, 3, 41, 1907
What are the prime factors of 166610?
2, 5, 16661
List the prime factors of 706220.
2, 5, 35311
What are the prime factors of 19770447?
3, 71, 101, 919
List the prime factors of 598518.
2, 3, 41, 811
What are the prime factors of 138379?
71, 1949
What are the prime factors of 390812?
2, 41, 2383
What are the prime factors of 2008862?
2, 31, 32401
What are the prime factors of 2838081?
3, 31, 30517
What are the prime factors of 2057553?
3, 228617
What are the prime factors of 34552343?
7, 53, 93133
List the prime factors of 345426.
2, 3, 57571
List the prime factors of 2410980.
2, 3, 5, 11, 13, 281
List the prime factors of 7979750.
2, 5, 59, 541
What are the prime factors of 363363?
3, 7, 11, 13
What are the prime factors of 2616036?
2, 3, 218003
List the prime factors of 1610187.
3, 536729
List the prime factors of 234525.
3, 5, 53, 59
What are the prime factors of 58245?
3, 5, 11, 353
What are the prime factors of 10045846?
2, 61, 67, 1229
List the prime factors of 19087687.
47, 101, 4021
List the prime factors of 533369.
41, 13009
List the prime factors of 122098.
2, 41, 1489
What are the prime factors of 4646937?
3, 47, 32957
What are the prime factors of 1271480?
2, 5, 7, 19, 239
List the prime factors of 22052094.
2, 3, 17, 103, 2099
List the prime factors of 12473445.
3, 5, 251, 3313
What are the prime factors of 2914413?
3, 29, 139, 241
What are the prime factors of 4329752?
2, 7, 77317
List the prime factors of 118434.
2, 3, 19739
List the prime factors of 8658467.
2803, 3089
What are the prime factors of 6731296?
2, 11, 13, 1471
List the prime factors of 143487.
3, 107, 149
What are the prime factors of 23334?
2, 3, 3889
List the prime factors of 7737062.
2, 23, 168197
List the prime factors of 103309.
17, 59, 103
List the prime factors of 1144156.
2, 13, 22003
List the prime factors of 348160.
2, 5, 17
List the prime factors of 2780815.
5, 23, 24181
List the prime factors of 2369131.
79, 29989
What are the prime factors of 552284?
2, 138071
List the prime factors of 4036980.
2, 3, 5, 61, 1103
List the prime factors of 17983242.
2, 3, 333023
List the prime factors of 414802.
2, 207401
List the prime factors of 219120.
2, 3, 5, 11, 83
List the prime factors of 7940269.
7940269
List the prime factors of 3139351.
19, 165229
List the prime factors of 18441145.
5, 1229, 3001
What are the prime factors of 9332093?
9332093
List the prime factors of 15115.
5, 3023
List the prime factors of 7937103.
3, 2645701
List the prime factors of 25388846.
2, 7, 67, 27067
What are the prime factors of 5274439?
1429, 3691
List the prime factors of 14086831.
11, 89, 14389
List the prime factors of 1681752.
2, 3, 79, 887
What are the prime factors of 752731?
7, 191, 563
List the prime factors of 3046531.
3046531
What are the prime factors of 229893?
3, 76631
List the prime factors of 65069.
31, 2099
What are the prime factors of 943753?
293, 3221
List the prime factors of 670386.
2, 3, 111731
What are the prime factors of 929787?
3, 309929
List the prime factors of 394174.
2, 11, 19, 23, 41
List the prime factors of 11966756.
2, 173, 17293
What are the prime factors of 3225341?
7, 523, 881
List the prime factors of 1281955.
5, 256391
What are the prime factors of 578167?
578167
List the prime factors of 605455.
5, 17, 419
List the prime factors of 460691.
7, 11, 31, 193
List the prime factors of 732490.
2, 5, 11, 6659
What are the prime factors of 16688315?
5, 7, 157, 3037
List the prime factors of 133508.
2, 33377
List the prime factors of 4223909.
19, 222311
What are the prime factors of 37289146?
2, 709, 26297
What are the prime factors of 4208880?
2, 3, 5, 13, 19, 71
List the prime factors of 4832653.
7, 233, 2963
List the prime factors of 178252.
2, 44563
What are the prime factors of 1344573?
3, 19, 2621
List the prime factors of 97748.
2, 7, 3491
What are the prime factors of 10014239?
2143, 4673
List the prime factors of 1966726.
2, 983363
What are the prime factors of 15739792?
2, 983737
List the prime factors of 6711433.
277, 24229
What are the prime factors of 444259?
37, 12007
List the prime factors of 812516.
2, 19, 10691
List the prime factors of 377934.
2, 3, 62989
What are the prime factors of 3659503?
373, 9811
List the prime factors of 1725857.
7, 17, 14503
List the prime factors of 10619107.
109, 97423
What are the prime factors of 390737?
390737
List the prime factors of 97414.
2, 53, 919
What are the prime factors of 32897?
67, 491
What are the prime factors of 4059742?
2, 2029871
List the prime factors of 639046.
2, 19, 67, 251
List the prime factors of 217335.
3, 5, 14489
What are the prime factors of 1336436?
2, 29, 41, 281
What are the prime factors of 620806?
2, 17, 19, 31
What are the prime factors of 867361?
11, 29, 2719
List the prime factors of 290886.
2, 3, 48481
List the prime factors of 8309229.
3, 113, 127, 193
List the prime factors of 83160.
2, 3, 5, 7, 11
List the prime factors of 4995408.
2, 3, 11, 9461
List the prime factors of 1683551.
149, 11299
List the prime factors of 3292693.
83, 39671
List the prime factors of 14307505.
5, 47, 107, 569
List the prime factors of 161849.
29, 5581
What are the prime factors of 1417700?
2, 5, 14177
What are the prime factors of 546401?
43, 97, 131
What are the prime factors of 141513?
3, 43, 1097
What are the prime factors of 278758?
2, 37, 3767
List the prime factors of 3428910.
2, 3, 5, 31, 1229
List the prime factors of 124216.
2, 15527
List the prime factors of 4135351.
11, 109, 3449
List the prime factors of 4048743.
3, 67, 20143
List the prime factors of 187191.
3, 2311
List the prime factors of 544319.
157, 3467
List the prime factors of 3260128.
2, 101879
What are the prime factors of 11430094?
2, 13, 499, 881
What are the prime factors of 3995932?
2, 998983
What are the prime factors of 585507?
3, 13, 15013
What are the prime factors of 22907558?
2, 149, 76871
What are the prime factors of 15054469?
17, 443, 1999
List the prime factors of 2057882.
2, 1028941
List the prime factors of 1029558.
2, 3, 29, 61, 97
What are the prime factors of 10282955?
5, 23, 89417
List the prime factors of 12994961.
7, 241, 7703
What are the prime factors of 190697?
13, 14669
List the prime factors of 5648356.
2, 7, 61, 3307
What are the prime factors of 226714?
2, 113357
List the prime factors of 186299.
186299
List the prime factors of 4061039.
331, 12269
What are the prime factors of 320535?
3, 5, 17, 419
What are the prime factors of 3208945?
5, 641789
What are the prime factors of 667096?
2, 61, 1367
What are the prime factors of 11527735?
5, 257, 8971
What are the prime factors of 519788?
2, 199, 653
What are the prime factors of 1070074?
2, 535037
What are the prime factors of 99341?
11, 821
What are the prime factors of 246732?
2, 3, 29, 709
List the prime factors of 539012.
2, 134753
List the prime factors of 2078011.
13, 19, 47, 179
What are the prime factors of 600180?
2, 3, 5, 7, 1429
What are the prime factors of 6512647?
6512647
What are the prime factors of 12444028?
2, 43, 71, 1019
List the prime factors of 3059810.
2, 5, 13, 23537
List the prime factors of 4278649.
4278649
List the prime factors of 1835070.
2, 3, 5, 61169
What are the prime factors of 5285328?
2, 3, 149, 739
List the prime factors of 12213477.
3, 463, 977
List the prime factors of 438474.
2, 3, 73079
List 